 + 2*q + 98 = 0. Suppose 0 = -15*m + b*m - 515. What is the units digit of m?
3
Suppose -m - 1236 = -5*m. Let t = m + -186. Suppose 0 = n + 2*n - t. What is the units digit of n?
1
What is the units digit of 138/4*(8 + -4)?
8
Suppose 5*u = -15 + 55. Suppose 0 = -u*n + 395 + 1181. What is the tens digit of n?
9
Let m(y) = -y**3 + 48*y**2 - 44*y + 150. What is the tens digit of m(47)?
9
Let m(u) = -8*u. Let d(r) = -r**2 - 4*r - 2. Let l be d(-4). Let w = l - -1. What is the units digit of m(w)?
8
Suppose -12*o = -3077 + 389. What is the units digit of o?
4
What is the units digit of (-6 + 1)/(9/(-279))?
5
Suppose -6*u - 2*v = -3*u - 96, -3*v - 81 = -3*u. Let x = u - 20. What is the tens digit of 446/x - (-4)/10?
4
Let n(m) = 31 + m + 16 - 11 + 5*m**2. What is the hundreds digit of n(-7)?
2
Let x(l) = 2*l**2 - 6*l - 37. What is the hundreds digit of x(-8)?
1
Suppose 6*h = 12*h - 678. What is the tens digit of h?
1
Let f(g) = -32*g - 100. What is the hundreds digit of f(-36)?
0
Let a = 51 - -10. Let m = a + -37. What is the units digit of m?
4
Let b be 24/10*15/6. Suppose 5*s - b*s + 85 = 0. What is the units digit of s?
5
Let r(g) = -9*g - 10. Let z be ((-1 + 0)*14)/2. What is the tens digit of r(z)?
5
Suppose 3*c - 4017 = -3*b, -84*c + 2678 = -82*c - 2*b. What is the units digit of c?
9
Suppose -2*z + h = 365, 0 = 3*z - 4*z - h - 181. Let m = z + 323. What is the units digit of m?
1
Let u be (-3998 - -25) + 5*1. What is the tens digit of -1 + 2 - u/16?
4
Let f(x) = x**3 - 4*x**2 + 2*x + 1. Let n be f(2). Let b be 34 - (n + 1/1). Let v = b + -16. What is the units digit of v?
0
Let m(a) = -2*a**2 - 3*a - 5. Let c be m(-2). Let v(z) = z**2 + 7*z - 6. Let p be v(c). Let s(l) = 2*l**2 + 6*l - 2. What is the tens digit of s(p)?
3
Let n(z) = 2*z**2 + z - 5. What is the tens digit of n(7)?
0
Let j(t) = t**2 - 6*t - 5. Let x be j(7). Let k(r) = -8*r + 26 + 9*r + 6*r - r**x + 7*r. What is the units digit of k(13)?
9
Let l = 187 - -16. What is the tens digit of l?
0
Suppose 0 = -m - x + 6, -2*m + 5*x - 2*x - 8 = 0. Suppose -m*k + 100 = 3*o - 46, 0 = 2*k - 4*o - 174. What is the units digit of k?
9
Suppose -4*k = h - 679, -3*k = -4*h + 3010 - 313. What is the units digit of h?
5
Suppose -5 = -2*p - r, 3*r = 5*p + 4*r - 11. What is the tens digit of -2*p*156/(-16)?
3
Let r = 439 + -165. Suppose -11*s + r = -9*s. What is the tens digit of s?
3
Let z be ((-3)/4)/(1/4*1). What is the units digit of 1/z*(-7)/((-28)/(-1332))?
1
Let i be 0/((3 - 1)/(-2)). Let w(j) = j**3 - j + 16. Let l be w(i). Suppose -l - 4 = -5*b. What is the units digit of b?
4
Let f be (-4)/(32/(-20))*284. Suppose l = 11*l - f. What is the units digit of l?
1
Suppose -4*z = -5*p - 3*z + 1847, -5*z + 385 = p. What is the units digit of p?
0
Let m(r) = -2*r**3 - 25*r**2 + 46*r - 7. What is the thousands digit of m(-16)?
1
Let d be 2/(-4) + (-4)/8. What is the units digit of d*((-9)/6 - 299/2)?
1
Suppose 3490 = -3*p - 2*k + 12170, 2*p - 5792 = -4*k. What is the units digit of p?
2
Let c(h) = -39*h + 741. What is the tens digit of c(-9)?
9
Suppose -17*h + 9812 = -2003. What is the hundreds digit of h?
6
Let o = -13 - -13. Suppose -3*d - 1 - 8 = o. What is the units digit of ((-60)/(-18))/((-1)/d)?
0
Suppose -2*b + 36 = 5*m, 0*m + 5*b = -m + 21. Suppose 0 = 9*p + m - 24. What is the units digit of p?
2
Let h = 162 + 3. Let z = -77 + h. What is the tens digit of z?
8
Let h = 394 - 319. What is the tens digit of h?
7
Let a = 10 - 10. Suppose a = -4*r + 13 + 87. What is the units digit of r?
5
What is the tens digit of 6*6*15 - (-40)/8?
4
Let b(a) = a**2 - a. Let q be b(2). Suppose q*t - 265 = -3*t. Let w = 95 - t. What is the tens digit of w?
4
Let c(h) = -h + 15. Let t be c(13). Suppose 5*i = -4*p + 44, -i + t*p = 3*p - 9. What is the tens digit of (-154)/(-8) + 6/i?
2
Let l = -84 - -55. Let z = l + 63. What is the tens digit of z?
3
Let v(g) = 2566*g + 76. What is the tens digit of v(1)?
4
Suppose 0 = -21*y + 20*y - 2. Let v = y + 18. What is the tens digit of v?
1
Let b(d) = -d + 11. Let m be b(8). Suppose -m*v - 1 = -4. What is the units digit of v?
1
Suppose -2*a = -4 - 2. Suppose -a*t + 5*k = -6, -3*t + 2 = -2*t - 2*k. Suppose 2*p - 4*s - 15 - 17 = 0, -5*p + 116 = t*s. What is the tens digit of p?
2
Suppose -2*q + 4*q = 20. Suppose -3*d + 1 = q. Let u = d - -5. What is the units digit of u?
2
Suppose -4*p - 4*w + 10 = -w, 0 = -3*p + 2*w + 16. Suppose -p*i + 68 = -0*i. What is the units digit of i?
7
Let g = 2246 + -822. What is the hundreds digit of g?
4
Let s = 1504 + -343. What is the hundreds digit of s?
1
Suppose 0 = 4*t + 4*b + 21 + 43, 0 = 2*t - 2*b + 28. Let s = t - -20. Suppose j + s = 2*j. What is the units digit of j?
5
Let c(x) = 3*x**2 + 167*x + 89. What is the tens digit of c(-60)?
6
Let d(h) = h**3 + 11*h**2 - 12*h. Let q be d(-12). Suppose -5*l - 2*r + 465 = q, 4*l - 2*l - 177 = r. What is the units digit of l?
1
Let k(b) = b**2 - 11*b - 4. Let r be k(-3). Suppose r = f - 26. What is the tens digit of f?
6
Suppose 5*y + 3*u + 2*u - 45 = 0, -4*u = -y + 9. Suppose -y*b - 63 = -369. What is the tens digit of b?
3
Suppose y - 77 = 5. Suppose 399 = 5*c + 104. Let a = y - c. What is the tens digit of a?
2
Suppose 2*j + 41 = 5*t - 0*t, 15 = -5*t. What is the units digit of (j - -11)*(-1)/(-2 + 3)?
7
Let b(d) = -d**3 - 22*d**2 - 71*d - 8. What is the tens digit of b(-20)?
1
Suppose -82*g = -90*g + 9448. What is the thousands digit of g?
1
Suppose 4*u - 3 - 1 = 0, 0 = -5*s + 5*u + 300. Let k be 2*(867/(-42) - (-2)/14). Let x = k + s. What is the units digit of x?
0
Let i = 13 - 12. Let p(k) = -k**3 - k. Let a(q) = -4*q**3 - 2*q**2 - 5*q - 1. Let f(s) = i*a(s) - 5*p(s). What is the units digit of f(3)?
8
Suppose 105713 = 62*h - 48171. What is the tens digit of h?
8
What is the units digit of 3/(-18) + ((-5282)/(-12) - 5)?
5
Let q be (-10)/35 + 16/7. Let f(x) = 24*x**2 - 11*x - 2. Let d(r) = -12*r**2 + 6*r + 1. Let t(u) = 5*d(u) + 3*f(u). What is the tens digit of t(q)?
4
Suppose 5*c - 104 = c. Let t(o) = 2*o - 35. What is the tens digit of t(c)?
1
Let m = -714 - -1938. What is the units digit of m?
4
Let m(r) = r - 2. Let p be m(6). Let d be p + 1 - (-1 + 2). Suppose 25 = d*h - 3*h. What is the units digit of h?
5
Let o = -8 - -12. Suppose 2*z - d + 264 = 0, -o*z + 3*z - 3*d - 118 = 0. Let l = 183 + z. What is the units digit of l?
3
Let r = 2693 - 1768. What is the tens digit of r?
2
Suppose m - 3278 = -4*u, -19*m + 17*m - 3*u + 6536 = 0. What is the units digit of m?
2
Let u(l) = 111*l**3 - 5*l + 19. What is the units digit of u(2)?
7
Let q(g) = g**3 + 16*g**2 - 17*g - 1. Let t be q(-17). Let b be 2*(-3)/(-2 + t). Suppose 4*r - b*d - 212 + 32 = 0, -27 = -r - 4*d. What is the tens digit of r?
4
Suppose -3*u - 4 = -4*g, 2 = 2*g + u - 0. What is the units digit of g?
1
Let y be 4/((-5)/3 + 1). Let l = y - -19. What is the units digit of l?
3
Let m(o) = 16*o + 5. Let b be m(6). Suppose 3*t = -5*g + 85, -3*t + 0*g = g - b. What is the units digit of t?
5
Let y(p) = 144*p**2 + 7*p + 14. What is the hundreds digit of y(-2)?
5
What is the units digit of ((-1)/(-2))/(108/6696)?
1
Let q = -5337 + 7568. What is the tens digit of q?
3
Let h be (-2)/(-13) - 24/(-13). Let j(f) = -2*f + 3*f - 19 + h - 3*f. What is the tens digit of j(-14)?
1
Let o = 7947 + -5125. What is the hundreds digit of o?
8
Suppose 3*q = 4*g + 36, -g + 13 = 2*q - 0*g. Let m = q - 5. Suppose j + m*a + 3 = -4, 5*j = 3*a + 55. What is the units digit of j?
8
Suppose f + 0*f = 2. Suppose 0 = -t + 4*s + 56, 3*t + 3*s - 140 + f = 0. Suppose -3*u + 9 - t = -m, 5*u - 173 = -4*m. What is the tens digit of m?
4
Let g(p) be the first derivative of p**3/3 + 11*p**2/2 + 12*p - 6. What is the tens digit of g(-12)?
2
Suppose 0 = 16*f - 6*f - 11820. What is the tens digit of f?
8
Let v(a) = a**2 + 2*a - 21. Let z be v(4). Suppose -2*o - 2*m = 2*m - 236, -318 = -z*o + 3*m. What is the units digit of o?
0
Let z be 3 - 5 - (-5)/1 - 2. What is the tens digit of 161 + z + (4 - 2)?
6
Suppose 3*n + 14 = 5*m, 4*n - 3*m - 2 + 6 = 0. Suppose 0 = o - 1 - n. Suppose 3*p = -4*l - p + 48, -o*l = 2*p - 37. What is the units digit of l?
3
Let u be 2/(-5) - 342/45. Let v = u - -7. What is the units digit of (-7 + 93)*v/(-2)?
3
Let l(t) be the second der